ided by g?
0
Suppose -154*l + 732 = -148*l. Calculate the remainder when l is divided by 14.
10
Let x = -1230 - -1302. What is the remainder when x is divided by 17?
4
Suppose -1 - 1 = -p. Suppose 5*j + 48 = -3*x + 2*x, j + 3 = 2*x. Let g = 15 + j. What is the remainder when g is divided by p?
0
Suppose 78 = 28*u - 22*u. Calculate the remainder when 103 is divided by u.
12
Let a(r) = -22*r**2 - 233*r + 4. What is the remainder when a(-9) is divided by 16?
15
Suppose -4*y + 1 + 206 = 5*c, -4*y = 4*c - 168. What is the remainder when 105 is divided by c?
27
Let r = 72 + -49. Let b(t) = t**3 + 9*t**2 + t + 11. Let c be b(-9). Let m = 14 - c. What is the remainder when r is divided by m?
11
Suppose 3*x - 26 - 13 = -3*h, -x + 2*h + 4 = 0. Calculate the remainder when x is divided by 6.
4
Let f = 2 - 59. Let q = f - -164. Calculate the remainder when q is divided by 2 - (-1 + 0 + -24).
26
Suppose 3*s + 2*h - h = -25, 0 = -3*s + h - 23. Let a(w) = w**3 + 7*w**2 - 14*w - 7. Calculate the remainder when a(s) is divided by 22.
19
Let n = 159 + -131. What is the remainder when 559 is divided by n?
27
Suppose -120 = -20*d + 24*d. What is the remainder when 29 is divided by d/(-4)*(-4)/(-3)?
9
Suppose -5*v - 20 = 0, -21*s + 24*s - v = 31. Calculate the remainder when 47 is divided by s.
2
Suppose 39 = 5*a + 18*p - 14*p, p = -4. Calculate the remainder when 30 is divided by a.
8
Suppose d + 4 = 2*g - 2*d, 2*d = 3*g - 11. Let l(x) = 2*x**3 + x - 1. Let z be l(1). Calculate the remainder when g is divided by 5/z - (-3)/6.
2
Let n be 0/((-6)/(2 - -1)). Suppose n = -5*w + t - 0*t + 98, 4*w = 5*t + 91. Let y = 956 - 919. Calculate the remainder when y is divided by w.
18
Calculate the remainder when (-5)/((-5)/(-27))*-19 + 4 is divided by 74.
73
Suppose -3*i + 81 + 216 = 0. Let g = -24 + i. Let v(l) = l**3 - 3*l**2 + 2*l + 2. Calculate the remainder when g is divided by v(4).
23
Let q(n) = n. Let i be q(5). Let k(o) = o**3 - 6*o**2 + 5*o + 4. Let g be k(i). Suppose g*j + 189 = 7*j. Calculate the remainder when j is divided by 22.
19
Suppose 0*w - 145 = 5*w + t, 0 = -t - 5. Let y = 54 + w. Suppose -2*x = -2*v + y, 4*v - 3*x + 21 = 74. What is the remainder when 52 is divided by v?
10
Let g = -8 - -29. Calculate the remainder when ((-6)/4)/((-159)/78 + 2) is divided by g.
18
Suppose 2*d - 116 = d. Suppose 20*y - 16*y = d. Calculate the remainder when 115 is divided by y.
28
Let p(u) = -u**3 + 9*u**2 - 9*u - 3. What is the remainder when 92 is divided by p(7)?
28
Suppose -2*p + 7 + 3 = 0. Suppose -q - 4*k + 18 = 0, -p*k + 15 + 24 = 2*q. Let w(u) = u**2 + u - 12. What is the remainder when q is divided by w(-5)?
6
Let w(g) = g**2 - 7*g + 2. Let y be w(7). Suppose -5 + 3 = -y*c. Calculate the remainder when 1 is divided by c.
0
Suppose h + 3 = -18. What is the remainder when (-1032)/h - (-8)/(-56) is divided by (13/(-4))/((-2)/8)?
10
Let y(q) = -6*q + 10. Let g = 51 - 27. Calculate the remainder when y(-22) is divided by g.
22
Let p = 67 + -58. Let a(o) = -11*o - 11. What is the remainder when a(-5) is divided by p?
8
Let a = 0 - -56. Let o be a/(-21)*(-6)/(-4). What is the remainder when 1 + ((-16)/o - -29) is divided by 18?
16
Let y(c) = -c + 2. Let l = 20 + -14. Let s be (-4)/6 + (-26)/l. What is the remainder when y(s) is divided by 2?
1
Let a = 449 + -441. Calculate the remainder when 8 is divided by a.
0
Let w(u) = 2*u**2 + 4*u - 4. Let x be w(-4). What is the remainder when ((-30)/8)/(x/(-208)) is divided by 11?
10
Suppose 17 = -4*a - 11. Let c be (a + 4)*22/(-3). Let u = 42 - c. Calculate the remainder when 78 is divided by u.
18
Calculate the remainder when 1028 is divided by 65/7 - 9 - (-68)/7.
8
Let x = -1642 + 1652. What is the remainder when 1837 is divided by x?
7
Suppose -3*z + 85 = y - 75, -2*z + 4*y = -102. Let q = 110 - 128. What is the remainder when z is divided by 6*(q/8)/(1/(-2))?
26
Let a = 142 + -138. Suppose 4*t - 32 = a*x, -t + 7*x - 8 = 2*x. What is the remainder when 33 is divided by t?
9
Suppose 13*p - 1656 = 4*p. What is the remainder when p is divided by 52?
28
Suppose -5*s - 3*w + 8*w + 80 = 0, w + 28 = 2*s. Suppose -h + 6 = 3. Calculate the remainder when s is divided by h.
0
Suppose 2*l = q + 745, -3*l + 259 = -4*q - 856. Calculate the remainder when l is divided by 76.
69
Let u(v) = -12*v + 1. Let m be u(3). Let n = -28 - m. Suppose s + 4*c = 8, 2 = -5*c + n. What is the remainder when 11 is divided by s?
3
Let d(f) = f - 5. Let y be d(8). Suppose -4*o + 4*w - 6 = -74, y*w = -15. Calculate the remainder when 23 is divided by o.
11
Suppose 56 + 82 = 23*j. What is the remainder when 18 is divided by j?
0
Let j(h) = -14*h - 112. What is the remainder when j(-19) is divided by 56?
42
What is the remainder when 310 is divided by (-14)/(2 + (-72)/30)?
30
Suppose 11 = -3*w + 41. Let l(q) = 2*q**2 + 9*q. Let v be l(w). What is the remainder when (1/2)/(5/v) is divided by 16?
13
Let r(h) = -297*h. Let m be r(-1). Suppose 5*b - 3*a - m = 0, 2*a = 3*b + a - 179. Calculate the remainder when b is divided by 21.
18
Let g = 70 - 45. Let u be 3328/234 - (-2)/(-9). Let o = 27 - u. Calculate the remainder when g is divided by o.
12
Suppose s = -4*n + 33, 3*n - 2*s - 23 = 10. Suppose 4*z + 106 = 2*p, 5*z = 4*z. Calculate the remainder when p is divided by n.
8
Let p(w) = -3*w + 15. Calculate the remainder when p(0) is divided by 26/6 - (-4)/(-12).
3
Let y be -2*((-1)/1 + 0). Suppose -y*v + 9 + 5 = 0. Suppose -2 + 8 = 3*o. Calculate the remainder when v is divided by o.
1
Calculate the remainder when (132/99)/(2/(-9)) + 246 is divided by 63.
51
Let x(a) = a**2 + 3*a - 16. Let z be x(-5). What is the remainder when 99 is divided by 0 - 4/12 - 152/z?
24
Let s(z) = 111*z + 345. What is the remainder when s(6) is divided by 26?
23
Let w be 1 - (-5)/(5/(-3)). Let d be (-61)/(2/4*w). Suppose p + 0*p - 21 = -v, 3*v + p - d = 0. What is the remainder when 78 is divided by v?
18
Let a(o) = -o**3 - 5*o**2 - 8*o + 12. Let b be a(-5). What is the remainder when (-9)/(-6)*(b/(-3))/(-1) is divided by 4?
2
Let b be -2*12/(-2) - 3. Suppose 37 + 35 = b*s. What is the remainder when 23 is divided by s?
7
Let b(q) = q - 23. Let f be b(8). Let t = f + 3. Let d(y) = y**2 + 11*y + 12. What is the remainder when 45 is divided by d(t)?
21
Let s(l) = 3*l**3 + 41*l**2 - 16*l - 18. What is the remainder when 78 is divided by s(-14)?
8
Let k = 167 - 106. What is the remainder when k is divided by 9?
7
Let x = -120 - -142. Calculate the remainder when x is divided by 8.
6
Let a(u) = u**3 + 3*u**2. Let p be (-7 - -4) + 0/2. Let v be a(p). Suppose v = 2*w - 23 - 31. Calculate the remainder when w is divided by 7.
6
Let x(l) = -22*l. Let h be x(-1). Let o = h + 6. Let q = 255 + -146. Calculate the remainder when q is divided by o.
25
Let q = 231 + -213. What is the remainder when 232 is divided by q?
16
What is the remainder when (56/16)/(4/(8*13)) is divided by 24?
19
Let q(b) = -2*b - 40. Let z be q(23). Let w = -74 - z. Let t = 5 + 0. Calculate the remainder when w is divided by t.
2
Suppose 2*q - 4*o = -6, 2*q + 2 + 2 = 2*o. Calculate the remainder when 14 is divided by (-7)/(2 + 0 + (q - 2)).
0
Let g = 308 + -182. Let s = 128 - g. What is the remainder when 14 is divided by s?
0
Suppose -16*t = -13*t + 33. What is the remainder when 34 is divided by 33/t + (1 - -11)?
7
Let c(p) = -p**3 + p**2 + 13*p + 298. What is the remainder when c(0) is divided by 104?
90
Let r = -224 - -148. Let t = -67 - r. What is the remainder when 32 is divided by t?
5
Suppose -16*j + 896 = 16*j. Let r = 7 - 10. What is the remainder when j is divided by (-26)/r - (-8)/(-12)?
4
Let y(c) be the third derivative of -c**6/120 + c**5/12 - c**4/8 + c**3/2 - 5*c**2. Suppose -3*p + 14 = 5. What is the remainder when 33 is divided by y(p)?
9
Let k = -565 + 585. Calculate the remainder when 1597 is divided by k.
17
Suppose -2*p - 38 - 6 = 0. Let g = -10 - p. Suppose -4*o = -25 - 3. What is the remainder when g is divided by o?
5
Let v(b) = 37*b - 170. Calculate the remainder when v(8) is divided by 26.
22
Let j(h) = 59*h**2 + h - 1. What is the remainder when 412 is divided by j(1)?
58
Let g(p) = 4*p - 14*p - 18 + 0*p + 5*p + p**2. Calculate the remainder when g(-6) is divided by 13.
9
Suppose 2*r + 0*r = 